t is 2 - dec1?
-debe
In base 6, what is 1500133 + 1?
1500134
In base 2, what is 1000 - 101110100001110?
-101110100000110
In base 15, what is 8c63 + -2?
8c61
In base 3, what is 22022 + -1201022?
-1102000
In base 5, what is -41322 + -1432?
-43304
In base 9, what is -274443 + 1?
-274442
In base 11, what is -47 + -863a?
-8686
In base 4, what is 130131 - -121301?
312032
In base 2, what is -1100010011011 + -1000101011?
-1101011000110
In base 9, what is -3 - -811377?
811374
In base 10, what is 12 + -5473?
-5461
In base 11, what is 9 - -1164a?
11658
In base 3, what is 10212011 + 220?
10220001
In base 10, what is -2 - -57227?
57225
In base 9, what is -3 + 84205?
84202
In base 3, what is 102 + -1010000?
-1002121
In base 7, what is 536261 + 0?
536261
In base 2, what is -11110000111001 - -111?
-11110000110010
In base 12, what is -8 - -10b7?
10ab
In base 9, what is -48 + 47624?
47565
In base 13, what is a5a8 + 74?
a64c
In base 8, what is -41504 + -3?
-41507
In base 4, what is -210 + -32201203?
-32202013
In base 9, what is 1348 + -1180?
158
In base 4, what is 2110 + 1321?
10031
In base 9, what is -1006261 + -5?
-1006266
In base 12, what is -106b + -127?
-1196
In base 16, what is f2b2 - -4?
f2b6
In base 6, what is -3305333 - 0?
-3305333
In base 3, what is -210112210 - -1001?
-210111202
In base 5, what is -24301 - 24?
-24330
In base 7, what is 204 + 2140?
2344
In base 5, what is 1342004 + 1010?
1343014
In base 5, what is -3 + -31013?
-31021
In base 3, what is -202 - 2211102?
-2212011
In base 12, what is 4 + -6736?
-6732
In base 10, what is -10211 - 9?
-10220
In base 7, what is 1 + -51414?
-51413
In base 10, what is 5 - 1794?
-1789
In base 5, what is -1413042 + 11?
-1413031
In base 7, what is -11 - -24324?
24313
In base 9, what is 5 + -7316?
-7311
In base 13, what is -22373a + 1?
-223739
In base 12, what is -650b98 + -5?
-650ba1
In base 9, what is 4 + -1084134?
-1084130
In base 9, what is -1568 - 1161?
-2740
In base 14, what is 86 + 230?
2b6
In base 11, what is 1 - -a437?
a438
In base 10, what is 419582 + -4?
419578
In base 10, what is -5 + -11213?
-11218
In base 14, what is -27a - -109c?
c22
In base 5, what is 10440442 + -2?
10440440
In base 8, what is -42 - -33634?
33572
In base 9, what is -300661 + 4?
-300656
In base 5, what is 104 - -101002?
101111
In base 4, what is -2332300 + -2333?
-3001233
In base 4, what is 2013111 - 21?
2013030
In base 8, what is -50764 + -5?
-50771
In base 9, what is -33 + -13673?
-13716
In base 3, what is -11 - -110122110?
110122022
In base 3, what is -1200011021201 - -12?
-1200011021112
In base 5, what is -4102043 - -23?
-4102020
In base 15, what is -237d8 + 9?
-237ce
In base 12, what is -29 - 192?
-1bb
In base 8, what is 27 - -133?
162
In base 3, what is -11 - 21110021211?
-21110021222
In base 9, what is -13 - -888?
875
In base 8, what is 2 - 166346?
-166344
In base 15, what is 1a49 - 2?
1a47
In base 12, what is 54 + -81?
-29
In base 6, what is 103 + 3041?
3144
In base 4, what is -3000133 - -11?
-3000122
In base 16, what is -668 - 6e?
-6d6
In base 15, what is -1 - -eb85?
eb84
In base 5, what is 321324 + -1103?
320221
In base 15, what is 3e5 + 26?
41b
In base 11, what is -986527 + 0?
-986527
In base 16, what is 346b6 - -2?
346b8
In base 2, what is -10 + 10011100011000?
10011100010110
In base 13, what is 8c - -b0?
16c
In base 10, what is -25 - 1111?
-1136
In base 9, what is -83 - -36562?
36468
In base 3, what is -1 - 2211220?
-2211221
In base 14, what is 20c1 - 408?
1ab7
In base 12, what is -129b2 - 0?
-129b2
In base 15, what is -949c + -3?
-94a0
In base 15, what is 12456 - -1?
12457
In base 13, what is -89 - 62?
-11b
In base 8, what is 120625 + 126?
120753
In base 9, what is 16373 + -2?
16371
In base 13, what is -1 - 220?
-221
In base 7, what is -41324 - 21?
-41345
In base 5, what is 10 + -2130433?
-2130423
In base 11, what is a8 + 1?
a9
In base 15, what is -628 + 79?
-59e
In base 11, what is 3a6824 + 3?
3a6827
In base 11, what is -2783 - 4?
-2787
In base 14, what is -62114 - -4?
-62110
In base 14, what is -5 + -11dd?
-1204
In base 4, what is -1203011 + 302?
-1202103
In base 6, what is -5014202 + -3?
-5014205
In base 16, what is -c5e + 49?
-c15
In base 8, what is 13 + 1546?
1561
In base 6, what is -4155 - 52105?
-100304
In base 5, what is 11 + 2412141?
2412202
In base 11, what is 7 - 658?
-651
In base 7, what is 5144553 - 3?
5144550
In base 16, what is a4 + -2e?
76
In base 12, what is -1 - 242317?
-242318
In base 10, what is 2 - -7259?
7261
In base 12, what is 38b - -2?
391
In base 4, what is -1231303302 + 11?
-1231303231
In base 13, what is a + 49378?
49385
In base 7, what is 6 - -5234?
5243
In base 7, what is -15 - -12061?
12043
In base 12, what is 44802 + 11?
44813
In base 7, what is -111 - 45534?
-45645
In base 13, what is -9 + -b57?
-b63
In base 8, what is 7624 - 3?
7621
In base 12, what is -4575 + 3?
-4572
In base 4, what is -133 - -220033?
213300
In base 12, what is 242 - 243?
-1
In base 7, what is -1 - 52253?
-52254
In base 2, what is -100001011 - 10100?
-100011111
In base 5, what is -1032241134 - 2?
-1032241141
In base 11, what is 23a + 108?
347
In base 9, what is 54644 + 5?
54650
In base 7, what is 312605 - 20?
312555
In base 5, what is 14 + 21241021?
21241040
In base 12, what is 129 - -38?
165
In base 15, what is -2d46 - -21?
-2d25
In base 10, what is 759 - 544?
215
In base 10, what is 11 - 15113?
-15102
In base 13, what is -234b + -63?
-23b1
In base 15, what is -12b76 - -7?
-12b6e
In base 13, what is -21 + 2217?
21c6
In base 9, what is -27351 + -220?
-27571
In base 13, what is -2612 + -161?
-2773
In base 3, what is 1 - 112202200121?
-112202200120
In base 12, what is 4 + -17915?
-17911
In base 3, what is -122200 - 10?
-122210
In base 12, what is -2 - -302a?
3028
In base 8, what is 2024 + 236?
2262
In base 6, what is -4 + 1331535?
1331531
In base 4, what is -321010 - 110223?
-1031233
In base 8, what is 2555 - 5?
2550
In base 15, what is 4cd9 - 11?
4cc8
In base 12, what is -2a19913 - 4?
-2a19917
In base 2, what is 1010001 + -10100001000111?
-10011111110110
In base 8, what is -2 + 144311?
144307
In base 15, what is 3 - -7b38?
7b3b
In base 9, what is 367 + 141?
518
In base 10, what is 6416 - -5?
6421
In base 4, what is 20130011 - -3?
20130020
In base 15, what is -1b2 + -7c7?
-989
In base 11, what is -3 - 78a635?
-78a638
In base 12, what is -12 + 86b?
859
In base 16, what is 97 - 31d?
-286
In base 7, what is 540305 - 5?
540300
In base 9, what is 31 - -213365?
213406
In base 14, what is -20b1 + 11?
-20a0
In base 11, what is 687 - -468?
1044
In base 5, what is -410 + 102112?
101202
In base 3, what is -11220201 + -10120?
-12001021
In base 5, what is 11410021 + -4?
11410012
In base 9, what is 3411 + 111?
3522
In base 10, what is 694 - 1574?
-880
In base 15, what is 1b + -178?
-15c
In base 8, what is -2131406 + -4?
-2131412
In base 13, what is -2426c3 + -3?
-2426c6
In base 3, what is -1221022 + 200010?
-1021012
In base 4, what is -30010103 - -11?
-30010032
In base 4, what is 11021 - -222?
11303
In base 10, what is 11 + -201?
-190
In base 11, what is -4 - 2536?
-253a
In base 14, what is -a16d - -1?
-a16c
In base 6, what is 1044355 - -10?
1044405
In base 4, what is 11 + 12300311?
12300322
In base 2, what is 101001110 - 110111000000?
-110001110010
In base 12, what is 321 + 379?
69a
In base 5, what is 2111 - -2230?
4341
In base 3, what is -12202222212 - 0?
-12202222212
In base 14, what is 4672 - 3d?
4633
In base 2, what is -100 - -10000010110010?
10000010101110
In base 9, what is -7205 - -6?
-7188
In base 13, what is -1a57 - -408?
-164c
In base 3, what is 1 - 201121100001?
-201121100000
In base 14, what is -2b + 148ba?
1488d
In base 13, what is 4 + 2971?
2975
In base 2, what is 100 + 1011100001100100?
1011100001101000
In base 16, what is -11b7c + d?
-11b6f
In base 15, what is -1a921 - 5?
-1a926
In base 14, what is -722 + -11a?
-83c
In base 8, what is -147 - 154067?
-154236
In base 11, what is 1710 + -3?
1708
In base 15, what is -231 + -400?
-631
In base 10, what is -377 + -1787?
-2164
In base 11, what is -1 + 303935?
303934
In base 7, what is -4 + -16023?
-16030
In base 11, what is -73684 - 13?
-73697
In base 5, what is 23313230 - -2?
23313232
In base 4, what is -2 - -10221031?
10221023
In base 10, what is 526 + -1670?
-1144
In 